{"id":155,"date":"2024-11-27T08:24:31","date_gmt":"2024-11-27T07:24:31","guid":{"rendered":"https:\/\/drone.tjinfo.fr\/?page_id=155"},"modified":"2024-11-27T17:33:20","modified_gmt":"2024-11-27T16:33:20","slug":"tarif","status":"publish","type":"page","link":"https:\/\/drone.tjinfo.fr\/index.php\/tarif\/","title":{"rendered":"Tarif"},"content":{"rendered":"\n<h2 class=\"wp-block-heading has-text-align-center has-text-color has-link-color wp-elements-96e6ecc35714e4bad787fb120d492148\" style=\"color:#ede6db\"><strong>Tarifs<\/strong><\/h2>\n\n\n\n<div class=\"wp-block-columns is-layout-flex wp-container-core-columns-is-layout-28f84493 wp-block-columns-is-layout-flex\">\n<div class=\"wp-block-column is-layout-flow wp-block-column-is-layout-flow\">\n<h3 class=\"wp-block-heading has-text-align-center has-text-color has-link-color wp-elements-5dc66620107318db2f8650c9593555e9\" style=\"color:#ede6db\">R\u00c9ALISATIONS DE PLANS<\/h3>\n\n\n\n<p class=\"has-text-align-center\">Plans a\u00e9riens ou Photos<\/p>\n\n\n\n<p class=\"has-text-align-center has-vivid-red-color has-text-color has-link-color wp-elements-e7fb11c5572850af56ee035fd6552fd6\" style=\"font-size:30px\"><strong>A partir de 499\u20ac <sup>(*)<\/sup><\/strong><\/p>\n\n\n\n<ul class=\"wp-block-list\">\n<li>D\u00e9placement et rep\u00e9rage du site<\/li>\n\n\n\n<li>Demandes d&rsquo;autorisations de vols et de tournage aupr\u00e8s des autorit\u00e9s comp\u00e9tentes<\/li>\n\n\n\n<li>R\u00e9alisation des plans (A\u00e9riens, Photos, Mixte)<\/li>\n\n\n\n<li>Livraisons des images r\u00e9alis\u00e9s (Rushs vid\u00e9o + Photos)<\/li>\n<\/ul>\n\n\n\n<p>(*) Demi journ\u00e9e sur site<\/p>\n<\/div>\n\n\n\n<div class=\"wp-block-column is-layout-flow wp-block-column-is-layout-flow\">\n<h3 class=\"wp-block-heading has-text-align-center has-text-color has-link-color wp-elements-e376cd43a8f8be029151843db2053bd6\" style=\"color:#ede6db\">VISITE \u00c0 360\u00b0<\/h3>\n<\/div>\n\n\n\n<div class=\"wp-block-column is-layout-flow wp-block-column-is-layout-flow\">\n<h3 class=\"wp-block-heading has-text-align-center has-text-color has-link-color wp-elements-778a7cf4b24b6cc5d171d7eabadfa25a\" style=\"color:#ede6db\">MONTAGE PHOTO ET VID\u00c9O<\/h3>\n\n\n\n<p><\/p>\n<\/div>\n<\/div>\n\n\n\n<p><\/p>\n\n\n\n<h2 class=\"wp-block-heading has-text-align-center\"><strong>Plans a\u00e9riens + Photos<\/strong><\/h2>\n\n\n\n<p class=\"has-text-align-center\">Vous souhaitez r\u00e9aliser une vid\u00e9o promotionnelle pour un h\u00f4tel, un bien immobilier, un lieu touristique ou autre<\/p>\n\n\n\n<p class=\"has-text-align-center has-large-font-size\"><strong>R\u00e9alisation des plans<\/strong><\/p>\n\n\n\n<p class=\"has-text-align-center has-vivid-red-color has-text-color has-link-color has-medium-font-size wp-elements-999a243c59017d92769deb6823405ef2\"><strong>A partir de 500\u20ac la demi journ\u00e9e &#8211; 1000\u20ac la journ\u00e9e<\/strong><\/p>\n\n\n\n<p class=\"has-text-align-left\">Inclus :<\/p>\n\n\n\n<ul class=\"wp-block-list\">\n<li>D\u00e9placement et rep\u00e9rage du site<\/li>\n\n\n\n<li>Demandes d&rsquo;autorisations de vols et de tournage aupr\u00e8s des autorit\u00e9s comp\u00e9tentes<\/li>\n\n\n\n<li>R\u00e9alisation des plans (A\u00e9riens, Photos, Mixte)<\/li>\n\n\n\n<li>Livraisons des images r\u00e9alis\u00e9s (Rushs vid\u00e9o + Photos)<\/li>\n<\/ul>\n\n\n\n<p class=\"has-text-align-center has-large-font-size\" style=\"padding-top:0;padding-right:0;padding-bottom:0;padding-left:0\"><strong>Montage Vid\u00e9o + Photo<\/strong><\/p>\n\n\n\n<p class=\"has-text-align-center has-vivid-red-color has-text-color has-link-color has-medium-font-size wp-elements-b205e706d1be30f7e0eee8e64968065b\"><strong>Vid\u00e9o promotionnelle \u2248 1 minute (H\u00f4tel, Immobilier, \u2026) &#8211; 300\u20ac<\/strong><\/p>\n\n\n\n<p class=\"has-text-align-center has-vivid-red-color has-text-color has-link-color has-medium-font-size wp-elements-3686c999f56f4969d9bbe09032169b51\"><strong>Vid\u00e9o promotionnelle \u2248 4 minutes (Lieu touristique, Ev\u00e8nement, \u2026) &#8211; 500\u20ac<\/strong><\/p>\n\n\n\n<p><\/p>\n\n\n\n<p class=\"has-text-align-center has-large-font-size\"><strong>Visite 360\u00b0<\/strong><\/p>\n\n\n\n<p class=\"has-text-align-center has-vivid-red-color has-text-color has-link-color has-medium-font-size wp-elements-e91ccf0b70e3056d567a10bdf4e1dc73\"><strong>A partir de 60\u20ac\/h + 400\u20ac pour le montage du projet<\/strong><\/p>\n\n\n\n<p class=\"has-text-align-center\">Varie selon la taille de la visite et la complexit\u00e9 du projet (Inclus Rep\u00e9rage du site, R\u00e9alisation des photos et vid\u00e9os 360\u00b0, Montage du projet)<\/p>\n\n\n\n<h2 class=\"wp-block-heading has-text-align-center\"><strong>Observation<\/strong><\/h2>\n\n\n\n<p class=\"has-text-align-center\">Vous avez besoin d&rsquo;un observateur pour vous seconder lors de la r\u00e9alisation de vos plans a\u00e9riens<\/p>\n\n\n\n<p class=\"has-text-align-center has-vivid-red-color has-text-color has-link-color has-medium-font-size wp-elements-9995838d109c8486df76ad4f92a0f067\"><strong>A partir de 100\u20ac \/ demi journ\u00e9e (+ D\u00e9placement)<\/strong><\/p>\n\n\n\n<p class=\"has-text-align-center\"><strong>Nos tarifs varient selon la complexit\u00e9 du projet, le temps pass\u00e9, le mat\u00e9riel utilis\u00e9<\/strong><\/p>\n\n\n\n<div class=\"wp-block-buttons is-content-justification-center is-layout-flex wp-container-core-buttons-is-layout-a89b3969 wp-block-buttons-is-layout-flex\">\n<div class=\"wp-block-button has-custom-width wp-block-button__width-25 has-custom-font-size is-style-fill has-medium-font-size\" id=\"R\u00e9alisations\"><a class=\"wp-block-button__link has-black-color has-text-color has-background has-link-color wp-element-button\" href=\"\/index.php#Contact\" style=\"border-radius:34px;background-color:#ede6db;padding-top:var(--wp--preset--spacing--20);padding-right:0;padding-bottom:var(--wp--preset--spacing--20);padding-left:0\">Contactez nous<\/a><\/div>\n<\/div>\n","protected":false},"excerpt":{"rendered":"<p>Tarifs R\u00c9ALISATIONS DE PLANS Plans a\u00e9riens ou Photos A partir de 499\u20ac (*) (*) Demi journ\u00e9e sur site VISITE \u00c0 [&hellip;]<\/p>\n","protected":false},"author":1,"featured_media":0,"parent":0,"menu_order":0,"comment_status":"closed","ping_status":"closed","template":"","meta":{"site-sidebar-layout":"default","site-content-layout":"","ast-site-content-layout":"","site-content-style":"default","site-sidebar-style":"default","ast-global-header-display":"","ast-banner-title-visibility":"","ast-main-header-display":"","ast-hfb-above-header-display":"","ast-hfb-below-header-display":"","ast-hfb-mobile-header-display":"","site-post-title":"disabled","ast-breadcrumbs-content":"","ast-featured-img":"","footer-sml-layout":"","theme-transparent-header-meta":"","adv-header-id-meta":"","stick-header-meta":"","header-above-stick-meta":"","header-main-stick-meta":"","header-below-stick-meta":"","astra-migrate-meta-layouts":"default","ast-page-background-enabled":"default","ast-page-background-meta":{"desktop":{"background-color":"var(--ast-global-color-4)","background-image":"","background-repeat":"repeat","background-position":"center center","background-size":"auto","background-attachment":"scroll","background-type":"","background-media":"","overlay-type":"","overlay-color":"","overlay-opacity":"","overlay-gradient":""},"tablet":{"background-color":"","background-image":"","background-repeat":"repeat","background-position":"center center","background-size":"auto","background-attachment":"scroll","background-type":"","background-media":"","overlay-type":"","overlay-color":"","overlay-opacity":"","overlay-gradient":""},"mobile":{"background-color":"","background-image":"","background-repeat":"repeat","background-position":"center center","background-size":"auto","background-attachment":"scroll","background-type":"","background-media":"","overlay-type":"","overlay-color":"","overlay-opacity":"","overlay-gradient":""}},"ast-content-background-meta":{"desktop":{"background-color":"var(--ast-global-color-5)","background-image":"","background-repeat":"repeat","background-position":"center center","background-size":"auto","background-attachment":"scroll","background-type":"","background-media":"","overlay-type":"","overlay-color":"","overlay-opacity":"","overlay-gradient":""},"tablet":{"background-color":"var(--ast-global-color-5)","background-image":"","background-repeat":"repeat","background-position":"center center","background-size":"auto","background-attachment":"scroll","background-type":"","background-media":"","overlay-type":"","overlay-color":"","overlay-opacity":"","overlay-gradient":""},"mobile":{"background-color":"var(--ast-global-color-5)","background-image":"","background-repeat":"repeat","background-position":"center center","background-size":"auto","background-attachment":"scroll","background-type":"","background-media":"","overlay-type":"","overlay-color":"","overlay-opacity":"","overlay-gradient":""}},"footnotes":""},"class_list":["post-155","page","type-page","status-publish","hentry"],"yoast_head":"<!-- This site is optimized with the Yoast SEO plugin v24.2 - https:\/\/yoast.com\/wordpress\/plugins\/seo\/ -->\n<title>Tarif - TJ Drone<\/title>\n<meta name=\"robots\" content=\"index, follow, max-snippet:-1, max-image-preview:large, max-video-preview:-1\" \/>\n<link rel=\"canonical\" href=\"https:\/\/drone.tjinfo.fr\/index.php\/tarif\/\" \/>\n<meta property=\"og:locale\" content=\"fr_FR\" \/>\n<meta property=\"og:type\" content=\"article\" \/>\n<meta property=\"og:title\" content=\"Tarif - TJ Drone\" \/>\n<meta property=\"og:description\" content=\"Tarifs R\u00c9ALISATIONS DE PLANS Plans a\u00e9riens ou Photos A partir de 499\u20ac (*) (*) Demi journ\u00e9e sur site VISITE \u00c0 [&hellip;]\" \/>\n<meta property=\"og:url\" content=\"https:\/\/drone.tjinfo.fr\/index.php\/tarif\/\" \/>\n<meta property=\"og:site_name\" content=\"TJ Drone\" \/>\n<meta property=\"article:modified_time\" content=\"2024-11-27T16:33:20+00:00\" \/>\n<meta name=\"twitter:card\" content=\"summary_large_image\" \/>\n<meta name=\"twitter:label1\" content=\"Dur\u00e9e de lecture estim\u00e9e\" \/>\n\t<meta name=\"twitter:data1\" content=\"1 minute\" \/>\n<script type=\"application\/ld+json\" class=\"yoast-schema-graph\">{\"@context\":\"https:\/\/schema.org\",\"@graph\":[{\"@type\":\"WebPage\",\"@id\":\"https:\/\/drone.tjinfo.fr\/index.php\/tarif\/\",\"url\":\"https:\/\/drone.tjinfo.fr\/index.php\/tarif\/\",\"name\":\"Tarif - TJ Drone\",\"isPartOf\":{\"@id\":\"https:\/\/drone.tjinfo.fr\/#website\"},\"datePublished\":\"2024-11-27T07:24:31+00:00\",\"dateModified\":\"2024-11-27T16:33:20+00:00\",\"breadcrumb\":{\"@id\":\"https:\/\/drone.tjinfo.fr\/index.php\/tarif\/#breadcrumb\"},\"inLanguage\":\"fr-FR\",\"potentialAction\":[{\"@type\":\"ReadAction\",\"target\":[\"https:\/\/drone.tjinfo.fr\/index.php\/tarif\/\"]}]},{\"@type\":\"BreadcrumbList\",\"@id\":\"https:\/\/drone.tjinfo.fr\/index.php\/tarif\/#breadcrumb\",\"itemListElement\":[{\"@type\":\"ListItem\",\"position\":1,\"name\":\"Accueil\",\"item\":\"https:\/\/drone.tjinfo.fr\/\"},{\"@type\":\"ListItem\",\"position\":2,\"name\":\"Tarif\"}]},{\"@type\":\"WebSite\",\"@id\":\"https:\/\/drone.tjinfo.fr\/#website\",\"url\":\"https:\/\/drone.tjinfo.fr\/\",\"name\":\"TJ Drone\",\"description\":\"\",\"publisher\":{\"@id\":\"https:\/\/drone.tjinfo.fr\/#organization\"},\"potentialAction\":[{\"@type\":\"SearchAction\",\"target\":{\"@type\":\"EntryPoint\",\"urlTemplate\":\"https:\/\/drone.tjinfo.fr\/?s={search_term_string}\"},\"query-input\":{\"@type\":\"PropertyValueSpecification\",\"valueRequired\":true,\"valueName\":\"search_term_string\"}}],\"inLanguage\":\"fr-FR\"},{\"@type\":\"Organization\",\"@id\":\"https:\/\/drone.tjinfo.fr\/#organization\",\"name\":\"TJ Drone\",\"url\":\"https:\/\/drone.tjinfo.fr\/\",\"logo\":{\"@type\":\"ImageObject\",\"inLanguage\":\"fr-FR\",\"@id\":\"https:\/\/drone.tjinfo.fr\/#\/schema\/logo\/image\/\",\"url\":\"https:\/\/drone.tjinfo.fr\/wp-content\/uploads\/2024\/11\/2-1.png\",\"contentUrl\":\"https:\/\/drone.tjinfo.fr\/wp-content\/uploads\/2024\/11\/2-1.png\",\"width\":1080,\"height\":1080,\"caption\":\"TJ Drone\"},\"image\":{\"@id\":\"https:\/\/drone.tjinfo.fr\/#\/schema\/logo\/image\/\"}}]}<\/script>\n<!-- \/ Yoast SEO plugin. -->","yoast_head_json":{"title":"Tarif - TJ Drone","robots":{"index":"index","follow":"follow","max-snippet":"max-snippet:-1","max-image-preview":"max-image-preview:large","max-video-preview":"max-video-preview:-1"},"canonical":"https:\/\/drone.tjinfo.fr\/index.php\/tarif\/","og_locale":"fr_FR","og_type":"article","og_title":"Tarif - TJ Drone","og_description":"Tarifs R\u00c9ALISATIONS DE PLANS Plans a\u00e9riens ou Photos A partir de 499\u20ac (*) (*) Demi journ\u00e9e sur site VISITE \u00c0 [&hellip;]","og_url":"https:\/\/drone.tjinfo.fr\/index.php\/tarif\/","og_site_name":"TJ Drone","article_modified_time":"2024-11-27T16:33:20+00:00","twitter_card":"summary_large_image","twitter_misc":{"Dur\u00e9e de lecture estim\u00e9e":"1 minute"},"schema":{"@context":"https:\/\/schema.org","@graph":[{"@type":"WebPage","@id":"https:\/\/drone.tjinfo.fr\/index.php\/tarif\/","url":"https:\/\/drone.tjinfo.fr\/index.php\/tarif\/","name":"Tarif - TJ Drone","isPartOf":{"@id":"https:\/\/drone.tjinfo.fr\/#website"},"datePublished":"2024-11-27T07:24:31+00:00","dateModified":"2024-11-27T16:33:20+00:00","breadcrumb":{"@id":"https:\/\/drone.tjinfo.fr\/index.php\/tarif\/#breadcrumb"},"inLanguage":"fr-FR","potentialAction":[{"@type":"ReadAction","target":["https:\/\/drone.tjinfo.fr\/index.php\/tarif\/"]}]},{"@type":"BreadcrumbList","@id":"https:\/\/drone.tjinfo.fr\/index.php\/tarif\/#breadcrumb","itemListElement":[{"@type":"ListItem","position":1,"name":"Accueil","item":"https:\/\/drone.tjinfo.fr\/"},{"@type":"ListItem","position":2,"name":"Tarif"}]},{"@type":"WebSite","@id":"https:\/\/drone.tjinfo.fr\/#website","url":"https:\/\/drone.tjinfo.fr\/","name":"TJ Drone","description":"","publisher":{"@id":"https:\/\/drone.tjinfo.fr\/#organization"},"potentialAction":[{"@type":"SearchAction","target":{"@type":"EntryPoint","urlTemplate":"https:\/\/drone.tjinfo.fr\/?s={search_term_string}"},"query-input":{"@type":"PropertyValueSpecification","valueRequired":true,"valueName":"search_term_string"}}],"inLanguage":"fr-FR"},{"@type":"Organization","@id":"https:\/\/drone.tjinfo.fr\/#organization","name":"TJ Drone","url":"https:\/\/drone.tjinfo.fr\/","logo":{"@type":"ImageObject","inLanguage":"fr-FR","@id":"https:\/\/drone.tjinfo.fr\/#\/schema\/logo\/image\/","url":"https:\/\/drone.tjinfo.fr\/wp-content\/uploads\/2024\/11\/2-1.png","contentUrl":"https:\/\/drone.tjinfo.fr\/wp-content\/uploads\/2024\/11\/2-1.png","width":1080,"height":1080,"caption":"TJ Drone"},"image":{"@id":"https:\/\/drone.tjinfo.fr\/#\/schema\/logo\/image\/"}}]}},"_links":{"self":[{"href":"https:\/\/drone.tjinfo.fr\/index.php\/wp-json\/wp\/v2\/pages\/155","targetHints":{"allow":["GET"]}}],"collection":[{"href":"https:\/\/drone.tjinfo.fr\/index.php\/wp-json\/wp\/v2\/pages"}],"about":[{"href":"https:\/\/drone.tjinfo.fr\/index.php\/wp-json\/wp\/v2\/types\/page"}],"author":[{"embeddable":true,"href":"https:\/\/drone.tjinfo.fr\/index.php\/wp-json\/wp\/v2\/users\/1"}],"replies":[{"embeddable":true,"href":"https:\/\/drone.tjinfo.fr\/index.php\/wp-json\/wp\/v2\/comments?post=155"}],"version-history":[{"count":7,"href":"https:\/\/drone.tjinfo.fr\/index.php\/wp-json\/wp\/v2\/pages\/155\/revisions"}],"predecessor-version":[{"id":202,"href":"https:\/\/drone.tjinfo.fr\/index.php\/wp-json\/wp\/v2\/pages\/155\/revisions\/202"}],"wp:attachment":[{"href":"https:\/\/drone.tjinfo.fr\/index.php\/wp-json\/wp\/v2\/media?parent=155"}],"curies":[{"name":"wp","href":"https:\/\/api.w.org\/{rel}","templated":true}]}}